8 - (2 - (2 - (9 - 5))).
4
What is 0 + -4 + (4 - -2)?
2
What is the value of (-2 - 1) + (0 - -1) + 2?
0
What is -4 + (8 - 2) + 2?
4
Calculate -8 + 6 - (-1 + -2) - 4.
-3
What is 0 - (6 + (-1 - 5))?
0
Evaluate -6 - -7 - (-1 - 0).
2
Evaluate 1 + 0 + -2 + -6 + 3.
-4
Calculate (4 - 1) + 1 + -43 + 47.
8
Calculate -3 + (-2 - 1) + 3.
-3
Calculate -3 + -3 - (1 - 12).
5
Evaluate -6 - (29 + -27 + (1 - 0)).
-9
What is the value of -2 - -2 - ((5 - 3) + -3)?
1
Evaluate (2 - 0) + (5 - 7).
0
(-3 - -3 - -3 - 10) + 2
-5
What is -3 - (5 + 1) - -3 - -3?
-3
What is -2 + 5 + -4 - -2 - 6?
-5
Evaluate -1 + 1 + 4 - 3.
1
What is the value of (9 - (11 + 7)) + -4 + 15?
2
What is -1 - (-23 - (-27 + 14))?
9
What is 0 - (-1 + -10 + 6)?
5
Evaluate (2 + -2 - 3) + 0 + -2.
-5
Evaluate 2 + -12 + 9 + -6.
-7
Evaluate -5 + (-4 - -1 - (67 - 69)).
-6
What is the value of 2 - (2 - 5 - -9)?
-4
What is (4 - (6 - (-8 - -5))) + 0?
-5
What is (-9 - (-3 - 0)) + 8?
2
Evaluate 3 + -1 + -1 - (-22 + 19).
4
Calculate -4 - 0 - -5 - 4.
-3
Calculate (12 - (4 - 6) - 6) + -5.
3
What is the value of -13 + (5 - 3) + 20?
9
What is the value of 7 + (4 - (15 - 8))?
4
What is 4 + 0 - (13 - (3 - 4))?
-10
13 + (-5 - -5) + -7
6
Evaluate -5 + -2 - (-4 + 1).
-4
What is the value of -1 + -4 + (7 - (-1 + 5))?
-2
-4 + (5 - (0 - -2)) - -2
1
What is -2 - ((7 - 5) + -1)?
-3
(2 - 1) + (-15 - -16)
2
Evaluate 3 - (-1 + 3 - (-3 + -2)).
-4
Evaluate 6 + -3 + 1 - (-3 + 3).
4
What is the value of -4 + 6 - (3 + -2)?
1
(-3 - -3) + -2 + -4 + 3
-3
What is the value of -1 + -8 + 2 + 2 + 16?
11
What is the value of -11 + 21 + (-10 - 4)?
-4
What is -4 + -1 + -2 + -17 + 21?
-3
14 - (-3 + 3 - -9)
5
What is the value of -6 - ((4 - 9) + 3)?
-4
Calculate (-4 - -2) + -2 + -2 + 3.
-3
What is the value of -1 + 1 + (-3 + 4 - 5)?
-4
What is the value of (1 - -11) + -3 - (7 - 2)?
4
Evaluate 7 - (7 - 8 - -3).
5
Calculate -3 + 4 + 1 + (1 - 3).
0
What is the value of -5 + 8 + -15 - -20?
8
Calculate 71 + -68 - (8 - (0 + 0)).
-5
-5 - (-6 - (3 - (5 + 2)))
-3
Calculate 6 + 1 + 3 + -4 - 1.
5
Calculate -8 + (0 - -3) - -5.
0
Evaluate 6 + -4 + (-3 - -6) + 0.
5
What is the value of 3 - 3 - (2 + -6)?
4
What is 13 + (-17 - (3 + -13))?
6
4 + (8 + -5 - 4) + -1
2
Evaluate 14 + 2 + -8 + 3 + -5.
6
What is the value of -4 + -1 - -6 - (2 + -5)?
4
Calculate 5 + (-8 - -3) - (-1 - 2).
3
What is -2 - -8 - (6 + -6)?
6
Evaluate 4 + -4 + 5 - 4.
1
Calculate 3 - -3 - 3 - 2.
1
-2 + (-2 - 9) - -6
-7
What is the value of -4 - (0 - (2 - -6))?
4
What is -12 + (4 - 2) + 15?
5
1 + ((-8 - -3) + 1 - 1)
-4
Evaluate (1 - -4) + -1 + -9.
-5
What is the value of 7 - 10 - (2 + 1 + -1)?
-5
What is the value of -5 + (-2 - (-5 + 6) - -7)?
-1
What is the value of 0 - (-2 + -5 + 6 + -3)?
4
Calculate -15 + 8 - (1 - 8).
0
Evaluate 6 + (-2 + 2 - -3 - 4).
5
Calculate -7 + 7 - (-2 - (-1 - 8)).
-7
Evaluate -1 + (5 - 2) + -2 + -3.
-3
Calculate 2 + (3 - (5 - -2) - -7).
5
-2 + (-25 + 11 - -7)
-9
What is the value of 1 + 0 + -4 + 17 + -10?
4
Calculate 2 + -3 + (3 - -4) + -5.
1
-9 - (-5 - -1) - -6
1
Calculate -2 - (0 + 4) - (-138 - -133).
-1
What is 7 + (3 + 0 + -9 - -1)?
2
Calculate 11 + -10 + -9 + 15 + -11.
-4
What is (0 - -1) + (101 - 93)?
9
Calculate 4 + -3 + (-1 - (5 + -5)).
0
Evaluate 2 - (-3 + 5) - 1.
-1
Evaluate (33 - 22) + -21 + 3.
-7
(1 - -1 - 6) + (-16 - -17)
-3
(11 - 5) + (4 - 9)
1
What is the value of -19 - (-12 + -1) - -15?
9
What is the value of -8 + 12 - (-2 - 0) - 2?
4
What is the value of -1 + 6 + -1 - 1?
3
What is (-8 - -1) + -48 + 62?
7
-5 + 1 + 8 - 5
-1
What is the value of -5 - (-4 + (-5 - (7 + -11)))?
0
What is the value of -5 - (-5 + -1 + (8 - 5))?
-2
What is the value of -1 - (-11 + 15) - (-1 - 0)?
-4
Calculate 8 - (-1 - (2 + -8)).
3
What is -12 - (-4 + -4) - 0?
-4
Evaluate 0 - 3 - (9 + (15 - 31)).
4
Evaluate (0 - 4) + 2 - (-10 - -1).
7
What is 8 + 3 + -11 - (3 + -3)?
0
Evaluate (-3 - 1) + (-18 - (-12 + -12)).
2
What is the value of (-4 + 8 - 4) + 2?
2
(14 - -13 - 22) + 0 + 2
7
Evaluate (-3 + -2 - -3) + 8 + -8.
-2
What is -1 - -1 - (7 + 4 + -12)?
1
What is 6 + (5 - 2) + -15?
-6
What is -4 - -1 - (-3 - 3)?
3
Evaluate -5 - ((-13 - 1) + 5).
4
Calculate (-8 - -12) + -3 + -1.
0
What is 6 + 5 + (3 - 18)?
-4
What is the value of (-8 - -5) + (-3 - -3)?
-3
Calculate (4 - 2) + -6 - 1.
-5
Calculate 1 + -18 + 9 - -8.
0
(-2 - (9 - 15)) + -12
-8
Evaluate 13 + (5 - 1) + (-10 - 0).
7
(68 - 77) + 11 + 0
2
Calculate 4 - ((2 - (8 + -3)) + 6).
1
Evaluate 2 + -7 + 3 - 0.
-2
0 + 5 + -2 + 3 + -4
2
What is the value of -6 + -1 + (-3 - -7)?
-3
What is -6 + 0 + (3 - -5)?
2
Calculate 6 + 8 + -6 + -7.
1
What is -7 + (15 - 7 - 7)?
-6
Calculate -3 - (1 - (1 + 0) - 2).
-1
Evaluate 4 + 1 - (-4 + 14).
-5
What is 1 - -5 - 1 - 0?
5
Evaluate -5 + (0 - 1) - (14 + -19).
-1
What is the value of 6 + -3 + 8 + -18 + -2?
-9
Evaluate 4 + (-2 - (-4 - (-3 + -2))).
1
What is the value of 1 - (5 - (0 - -2))?
-2
1 - (3 + (0 - 0) + 0)
-2
What is the value of (-6 - -5 - -5) + -9?
-5
15 - 12 - (6 + 1 + -1)
-3
What is the value of 1 + 5 + (2 - 12)?
-4
What is the value of 4 - ((-9 - -13) + 5 - 14)?
9
Calculate (10 - 6) + -12 - -4.
-4
Evaluate 2 + -1 + -3 + -2.
-4
Evaluate 22 + -20 + (0 + 0 - 1).
1
-3 + (8 + -4 - 6) + 8
3
What is 4 - (-7 + (6 - 3) - 1)?
9
What is 3 - (-2 + 3 + 1)?
1
(-5 - -3 - 10) + 5 + 5
-2
1 + -9 + 4 - 1
-5
What is 4 - 2 - 6 - -4 - -3?
3
Calculate 44 - 31 - (-1 - -8).
6
What is the value of -2 - (6 + -13 + (0 - -4))?
1
What is the value of -13 + (0 - -6) - (-2 - 1)?
-4
What is the value of -7 - 1 - (-4 + -3)?
-1
Evaluate -2 + 3 + (-12 - -2) + 4.
-5
What is the value of -1 - (-3 + -6) - 3 - 0?
5
What is the value of (-7 - 2) + 9 + -1 + 3?
2
Evaluate 0 + 5 + 0 - 9.
-4
What is 0 - (-1 - -8 - (-8 - -10))?
-5
What is (-71 - -90) + (0 - 10)?
9
Evaluate 1 + -2 + (5 - 4 - -3).
3
Evaluate 7 + -9 + (1 + -2 - 2).
-5
Evaluate 1 + 0 + 6 + -7.
0
6 - (1 + -3 + 2 - 3)
9
Calculate (10 - -16 - 11) + -14.
1
What is the value of -5 - (17 + -8 - 7)?
-7
What is the value of 3 + 0 - (-5 + 16 + -15)?
7
-15 + 27 + -8 + -9
-5
What is (14 - 9) + (-4 - (1 + 1))?
-1
What is (-7 - -3) + 1 - -8?
5
Calculate 189 - 200 - (-1 + 0 + -2).
-8
What is 13 + -2 + -7 + 0 + 1?
5
Evaluate 1 + -2 + (1 - 3) + 2.
-1
Evaluate 0 - -3 - (2 - (-2 - -1)).
0
What is 0 + 1 + 2 + 6 + -6?
3
What is the value of -2 - (-3 - 1) - (0 - -1)?
1
Evaluate 1 + 14 - 7 - -2.
10
What is the value of (-1 - -2) + (-5 - (-3 + -2))?
1
Evaluate -1 - 6 - (-13 + 8).
-2
Calculate 2 + 1 - (-5 + 3).
5
Evaluate -1 + 4 + -5 + 4.
2
Evaluate (-4 - (-3 - 7)) + 2 + -2.
6
Calculate 4 + -4 + 2 + -2.
0
7 + (-11 - (-8 + 3))
1
What is -7 - (-11 - -12 - (-2 + 7))?
-3
What is 2 + (-9 + 0 - -8)?
1
-4 - (-2 - 7 - -5)
0
8 - (-11 + (2 - -13))
4
Calculate 4 + -1 - (-15 - -16).
2
What is (-5 - -1) + 2 + 5?
3
12 + -17 + 6 + (-1 - -3)
3
Evaluate -2 + (3 - (3 - 3 - 1)).
2
What is 0 + (-5 - -4) + -2?
-3
What is the value of -73 + 74 + 1 + 1?
3
What is the value of -1 + 1 + 4 - 0 - 3?
1
Calculate 0 - (-6 + 13) - 0.
-7
What is the value of -6 + 1 + 2 + (-5 - 0)?
-8
What is the value of -2 - (-2 + 3 + 3)?
-6
-1 + (-8 - -16) + 5 + -17
-5
What is -2 + 4 + (1 - 7)?
-4
(-7 - 4) + 9 + -5
-7
Evaluate 2 + 0 + -7 + 1.
-4
1 + -7 + 19 + -6
7
Calculate (5 - (-4 - -10)) + 5.
4
What is 1 + 5 + -4 + -1?
1
What is the value of 7 + -7 + -2 + 10 + 1?
9
What is the value of 3 - (-2 - (-6 + 3 + -5))?
-3
What is -8 + (-1 - 4 - -7)?
-6
-4 + 8 + (-8 - -4)
0
Evaluate (5 - -8 - 10) + 8.
11
What is the value of (9 - (18 + 3)) + 19?
7
What is the value of 2 - (2 + 3 - (0 + 4))?
1
What is (-2 - 1) + 1 - (-18 + 8)?
8
Evaluate 0 - (-5 + 10 + 0 + -1).
-4
What is the value of -3 - (10 + -12 - (2 - 5))?
-4
What is (2 - 1 - 5) + 5 - 5?
-4
What is (4 - 0 - 13) + (4 - -1)?
-4
What is the value of (5 + -11 - -4) + (2 - 3)?
-3
What is 1 + -2 - -1 - -1 - -3?
4
Evaluate 2 + 4 - (0 + 4).
2
Evaluate -4 - (1 + -9 + 7 + 3).
-6
Calculate -5 - -1 - (-1 + 0 + 1).
-4
Evaluate 3 + (-4 - 8 - -4) + 1.
-4
What is the value of -1 - (-4 + 7 + -4)?
0
Calculate 32 + -22 - (0 - -10).
0
Calculate -1 + 3 + 3 - 11.
-6
Evaluate 0 + (4 - (3 - (8 + -5))).
4
Calculate 0 + 7 - ((2 - -7) + -7).
5
What is the value of 0 - -1 - (-35 + 37)?
-1
8 + -3 - (2 + -7 + 2)
8
What is (-15 - (-4 + -3)) + 9?
1
-4 + (-1 - -6) + -4 + 2
-1
2 + -2 + -4 + 6
2
Calculate -2 - (2 + -7 - -1).
2